digit of (3 + -14)/(1/(-11))?
2
Suppose -1 = -5*f + x, f + 7 = -0*f + 2*x. Let b be f - (-4 + 1 + 1). Suppose 27 = -0*z + b*z. What is the units digit of z?
9
Suppose -6*f = -7*f + 2. What is the units digit of f?
2
Let o(r) = r**2 + 3*r - 5. Let j be o(-5). Suppose -41 = -t + 4*q, -j*q - 8 = 12. Suppose 0*h - 5*h = -t. What is the units digit of h?
5
Suppose 2*x - 11 + 5 = -4*l, -5*l = 5*x - 20. Suppose -x + 3 = -d. Suppose -d*m = -4*w - w + 62, -w + 11 = m. What is the units digit of w?
2
Suppose -12 = -8*k + 4*k. Suppose -3*y = -3*u - 9, 2*y = -y - k*u - 15. What is the units digit of (y - 3)/(14/(-21))?
6
Suppose -4*o + 9 = -7, -4*b - 5*o - 588 = 0. What is the tens digit of b/(-7) + (-4)/(-14)?
2
Let t = -2 + 5. What is the units digit of t?
3
Let y(q) = -q**3 + q. Let v be y(1). Suppose -3 - 2 = -f. Suppose v = 2*z - f*z + 30. What is the tens digit of z?
1
Let x = 10 + -7. Let l = 22 + -13. Suppose l = -x*p + 36. What is the units digit of p?
9
Let x(k) = -k**3 + k**2 + k. Let l be x(-1). What is the units digit of 24 + l + 1 + 1?
7
Let g = 14 + -10. Let q = 6 - g. What is the units digit of (-4)/(-3)*3/q?
2
Let c = 150 - 68. What is the units digit of c?
2
What is the hundreds digit of (-11)/((-55)/1035) - (3 + -1)?
2
Suppose 0 = 5*a - 4*d - 211, -5*a + 0*d - 2*d + 217 = 0. Suppose 21 = 2*f + 65. Let o = a + f. What is the tens digit of o?
2
What is the units digit of 7 + 85 + (2 + 1 - 0)?
5
Let a(j) = j**2 + 5*j - 2. Let w be a(-4). What is the units digit of (4/w)/(2/(-9))?
3
Let w = -2 - -8. Let c = w - 1. Suppose 0 = -c*r + 17 + 3. What is the units digit of r?
4
Let x be (1 - 0) + (-2)/(-2). Suppose -x*i - j + 25 = 3*i, 3*j - 15 = -3*i. What is the units digit of i?
5
Let m be 217/35 - (-2)/(-10). Let k be (1/(-3))/(m/(-36)). Suppose 0 = k*q + 2*q - 24. What is the units digit of q?
6
Suppose 4*g = -3*y + 47, -g = 3*y - 5*y + 2. Suppose -4*u - 5*l + 94 = -36, g = 4*l. Suppose -2*i + i - u = -3*x, 57 = 5*x - 4*i. What is the units digit of x?
9
Let p = -4 - -2. Let d be ((-3)/9)/(p/234). Let x = 55 - d. What is the tens digit of x?
1
Suppose 5*k = -4 + 14. Suppose 2*c = -8, c - 1 = k*h + 1. What is the units digit of h/((-3)/5) - 2?
3
Suppose -24 = -0*x + 2*x. Let w = -5 + -5. What is the units digit of (x/15)/(1/w)?
8
Let x be 8/5 - (-2)/5. Suppose -4*u + x*z + 3*z = -48, 4*u - 3*z = 40. What is the units digit of u?
7
Suppose 5 = -5*x, -k - 15*x = -14*x - 186. What is the hundreds digit of k?
1
Let f(m) = -3*m**3 + 3*m**2 + 5*m + 3. What is the hundreds digit of f(-4)?
2
Suppose -5*q + 1 - 26 = 0. Let n = 10 + q. Suppose -4*y + g = -35, -n*g + 74 + 1 = 5*y. What is the units digit of y?
0
Let m be (-1 - -1)/((-4)/(-2)). Suppose m = -10*x + 5*x + 265. What is the units digit of x?
3
Suppose -q - 5*f = -23, 3*q - 4*q + 3*f + 39 = 0. What is the tens digit of q?
3
Let o be 11/3 - (-2)/6. Suppose -o*s = p - 32, 5*s - p = -2 + 42. What is the units digit of s?
8
What is the units digit of 41/2 + 6/(-4)?
9
Suppose -7*g + 4*g = 5*w - 32, -4*g + 2*w + 8 = 0. Let b(v) = 7*v**2 - v. Let n be b(-1). Let a = n - g. What is the units digit of a?
4
Let c(u) = -u**3 + 3*u**2 - u + 1. Let o be c(2). What is the units digit of (-20)/(-6) + (-1)/o?
3
Suppose 2*n + 33 - 103 = 0. Let o = 11 - 6. Suppose 4*b + 3*t - 31 = 0, o*t - 2*t = -5*b + n. What is the units digit of b?
4
Let o be 1/((-2)/(-100)) - 0. Let b(a) = -a**3 - 4*a**2 + 12*a + 6. Let p be b(-6). Suppose 5*r - o = -5*g, 3*r + 24 = 3*g + p. What is the units digit of g?
8
Suppose 4*v - 24 = -5*j - 6, -12 = -3*v - 3*j. Suppose v*m = -3*m - f + 12, -4*m - 4*f = 0. What is the units digit of m?
3
Suppose -48 = 6*m - 9*m. What is the tens digit of m?
1
Suppose 0 = 4*a - 9*a + 300. What is the units digit of a?
0
Suppose 0 = -2*d + 5 + 5. Let r = d - -5. Suppose -r = -2*s + 4*b + 16, 3*s = 2*b + 23. What is the units digit of s?
5
Suppose 0 = -4*o + 6 + 2. Suppose o*u - 1 - 1 = -r, 0 = 5*r + 5*u - 10. What is the units digit of r?
2
Suppose 3*s + s - 72 = 0. Let f = -8 + s. What is the units digit of 74/f + 2/(-5)?
7
Suppose 0 = -3*o + 12, -2*o = -5*g + 3*o - 5. Suppose -g*i + 30 = -2*i + 5*q, -5*q + 60 = 2*i. What is the units digit of i?
0
Suppose -4*v - q + 7 = -0, 2*v + 19 = -5*q. Suppose 2*s - v*r + 40 = -5, 46 = -2*s + 2*r. Let y = -17 - s. What is the units digit of y?
7
Let y(z) be the third derivative of -z**7/2520 - z**6/80 + z**5/60 + 2*z**2. Let l(h) be the third derivative of y(h). What is the units digit of l(-7)?
5
Let z(n) = 16*n - 7. Let m be z(5). Suppose -g = -5*r - m, -3*g = -6*g - 5*r + 139. What is the units digit of g?
3
Let k(o) = o**2 + o - 1. Let x be k(0). What is the tens digit of ((-96)/(-18))/(x/(-3))?
1
Suppose 2*o + 5*g = -7 + 40, 5*o = -g + 140. What is the units digit of o?
9
Suppose -4*k - 12 = -5*q + 3*q, 4*q = 2*k + 6. Suppose 0 = -q*l + l - 5. Suppose -l*y + 69 = 3*i, -2*i + 5*y - 2*y + 27 = 0. What is the tens digit of i?
1
Suppose -5*n + 101 = -2*s, -4*n + 2*n + 5*s = -32. What is the tens digit of n?
2
Let u(f) = -f**3 + 3*f**2 + 6*f - 4. Let q be u(4). Let a be (-1)/q + (-36)/(-16). Suppose -3*h + d - 4 = -4*h, -a*d + 10 = 3*h. What is the units digit of h?
2
Let n(m) = -5*m + 1. What is the units digit of n(-1)?
6
Let u = 0 + 6. Let j(y) = y**3 - 7*y**2 + 8*y - 2. What is the tens digit of j(u)?
1
Let n be 8/(-20) - (-84)/10. What is the units digit of n + 2 - (2 - 2)?
0
Suppose 4*h - 9 = h. Suppose -3*n = -0*n - h. What is the units digit of n?
1
Let k(t) = -3*t**3 + 2*t**2 - 2*t + 1. Let u be k(1). Let f be -1*(-5 - u)*4. Suppose 0 = 3*h + h - f. What is the units digit of h?
3
Let r(y) be the first derivative of -y**4/2 - 4*y**3/3 - 3*y**2/2 - 2. What is the units digit of r(-2)?
6
Let x be 48 + (-1 - 12/(-4)). Suppose 0*a + 2*a = x. What is the tens digit of a?
2
Let x = -69 + 41. Let d = -5 - x. What is the units digit of d?
3
Suppose 0*b + 16 = 4*b. Suppose 0 = -b*i + 8. What is the units digit of i?
2
Let k be 2/8 - (-11)/4. Let l be 1*(-1 - -3) - -1. Suppose -k*n - 20 = -7*n + 2*g, l*n - 15 = 4*g. What is the units digit of n?
5
Let o(a) = a**3 + a**2 + a + 3. Let v be o(0). Suppose -4*l + 7 = -v*w, 1 = -l - 0*l - 2*w. What is the units digit of l?
1
Let n = 107 + -58. What is the units digit of n?
9
Let j be 1 + 1 - (-7)/1. Let o = -6 + j. What is the units digit of o?
3
Suppose 2*b = -c + 2, 5*c - 38 = -0*b - 3*b. What is the tens digit of c?
1
Let w(y) be the second derivative of 4*y**4/3 + y**3/6 + y**2/2 + 3*y. What is the units digit of w(-1)?
6
Let p(n) = -n**2 - 7*n - 8. Let m be p(-6). Let i be (0 - (-2 + 3))*m. Let x = 9 - i. What is the units digit of x?
7
Let p(h) = -4*h - 20. What is the units digit of p(-16)?
4
Suppose -4 = 2*r, 0 = 2*c + 3*c - 4*r - 1088. What is the hundreds digit of c?
2
Let z(d) be the second derivative of d**4/12 + d**3 + 2*d**2 - 2*d. What is the units digit of z(-6)?
4
Let b = 180 + -91. What is the tens digit of b?
8
Suppose 8*k - 3*k + 75 = 0. Suppose -p - 2 + 24 = 0. Let v = k + p. What is the units digit of v?
7
Let g(b) = 9 - 1 - 4 - 5*b + 3*b. Let m = 3 + -8. What is the tens digit of g(m)?
1
Let l(x) = 11*x**2 - 5*x - 7. What is the tens digit of l(-2)?
4
Suppose -2 = 2*y - 3*y. Suppose -y*m + 4*m = 42. What is the units digit of 99/m + 2/7?
5
Suppose -2*y - k = -242, -3*y + 0*y - k = -365. Suppose -y = -3*f - 39. What is the units digit of f?
8
Let g be (6/(-3))/(1/(-1)). Let h be 3/6*-5*g. Let b(w) = w**2 + 3*w. What is the units digit of b(h)?
0
Let x(l) = -l**3 - 19*l**2 - 24*l + 26. What is the units digit of x(-18)?
4
Let d(s) = -s**3 - s**2 + 4*s + 1. Let j be d(-3). Suppose -4*i = -2*x + 34, j*i = -4*x + 3*i + 20. What is the units digit of x?
9
Let c = -155 + 227. What is the tens digit of c?
7
Let g = 6 + -6. Suppose -2*o + 3*f + 10 = 0, 3*o - f - 8 = -g*f. Suppose -o*c = n - 37, 2*n = -3*c + n + 55. What is the units digit of c?
8
Let g = 34 + -4. What is the tens digit of g?
3
Let f be 12 + (6 - -3)/(-3). What is the tens digit of -5*12/f*-3?
2
Let w be (24/36)/(4/(-186)). Let z = w + 61. What is the tens digit of z?
3
Suppose 0*z = 3*z + 4*w - 2, -5*z + 26 = w. Suppose 5*j - 4 = z. Suppose -8 = -u - j. What is the units digit of u?
6
Suppose a - 4*a = 12. Let v = a + 22. What is th